{"id":142,"date":"2024-05-26T17:39:08","date_gmt":"2024-05-26T15:39:08","guid":{"rendered":"https:\/\/valenceriderspirit.fr\/?page_id=142"},"modified":"2026-01-23T09:57:21","modified_gmt":"2026-01-23T08:57:21","slug":"agenda","status":"publish","type":"page","link":"https:\/\/valenceriderspirit.fr\/index.php\/agenda\/","title":{"rendered":"Agenda \/ Inscription Sorties 2026"},"content":{"rendered":"\n<p>Le VRS vous pr\u00e9sente le calendrier 2026 sous forme du 1er et 2\u00e8me semestre 2026.<\/p>\n\n\n\n<p>Vous pouvez t\u00e9l\u00e9charger le calendrier complet au format pdf en <strong><a href=\"https:\/\/drive.google.com\/file\/d\/1A7lbFSruK2TSTKPWPNB79wDmU81QR-XE\/view?usp=sharing\" target=\"_blank\" rel=\"noreferrer noopener\">cliquant ic<\/a><a href=\"https:\/\/drive.google.com\/drive\/folders\/1Z5J5EhOEfkgwRhEGMFZpjsFaOscQ0yIh?usp=sharing\">i<\/a><\/strong>.<\/p>\n\n\n\n<figure class=\"wp-block-image size-large\"><a href=\"https:\/\/valenceriderspirit.fr\/index.php\/events\/\"><img loading=\"lazy\" decoding=\"async\" width=\"1024\" height=\"659\" src=\"https:\/\/valenceriderspirit.fr\/wp-content\/uploads\/2026\/01\/Calendrier-VRS-1er-semestre-2026-rev-1024x659.jpg\" alt=\"\" class=\"wp-image-913\" srcset=\"https:\/\/valenceriderspirit.fr\/wp-content\/uploads\/2026\/01\/Calendrier-VRS-1er-semestre-2026-rev-1024x659.jpg 1024w, https:\/\/valenceriderspirit.fr\/wp-content\/uploads\/2026\/01\/Calendrier-VRS-1er-semestre-2026-rev-300x193.jpg 300w, https:\/\/valenceriderspirit.fr\/wp-content\/uploads\/2026\/01\/Calendrier-VRS-1er-semestre-2026-rev-768x494.jpg 768w, https:\/\/valenceriderspirit.fr\/wp-content\/uploads\/2026\/01\/Calendrier-VRS-1er-semestre-2026-rev.jpg 1038w\" sizes=\"auto, (max-width: 1024px) 100vw, 1024px\" \/><\/a><figcaption class=\"wp-element-caption\">Cliquez sur le calendrier pour acc\u00e9der aux fiches Ev\u00e8nements. <br>Les fiches Ev\u00e8nements vous donnent plus de d\u00e9tails et permettent de vous inscrire!<\/figcaption><\/figure>\n\n\n\n<figure class=\"wp-block-image size-large\"><a href=\"https:\/\/valenceriderspirit.fr\/index.php\/events\/\"><img loading=\"lazy\" decoding=\"async\" width=\"1024\" height=\"658\" src=\"https:\/\/valenceriderspirit.fr\/wp-content\/uploads\/2026\/01\/Calendrier-VRS-2eme-semestre-2026-rev-1024x658.jpg\" alt=\"\" class=\"wp-image-914\" srcset=\"https:\/\/valenceriderspirit.fr\/wp-content\/uploads\/2026\/01\/Calendrier-VRS-2eme-semestre-2026-rev-1024x658.jpg 1024w, https:\/\/valenceriderspirit.fr\/wp-content\/uploads\/2026\/01\/Calendrier-VRS-2eme-semestre-2026-rev-300x193.jpg 300w, https:\/\/valenceriderspirit.fr\/wp-content\/uploads\/2026\/01\/Calendrier-VRS-2eme-semestre-2026-rev-768x494.jpg 768w, https:\/\/valenceriderspirit.fr\/wp-content\/uploads\/2026\/01\/Calendrier-VRS-2eme-semestre-2026-rev.jpg 1038w\" sizes=\"auto, (max-width: 1024px) 100vw, 1024px\" \/><\/a><figcaption class=\"wp-element-caption\">Cliquez sur le calendrier pour acc\u00e9der aux fiches Ev\u00e8nements. <br>Les fiches Ev\u00e8nements vous donnent plus de d\u00e9tails et permettent de vous inscrire!<\/figcaption><\/figure>\n","protected":false},"excerpt":{"rendered":"<p>Le VRS vous pr\u00e9sente le calendrier 2026 sous forme du 1er et 2\u00e8me semestre 2026. Vous pouvez t\u00e9l\u00e9charger le calendrier complet au format pdf en cliquant ici.<\/p>\n","protected":false},"author":1,"featured_media":0,"parent":0,"menu_order":0,"comment_status":"closed","ping_status":"closed","template":"","meta":{"footnotes":""},"class_list":["post-142","page","type-page","status-publish","hentry"],"yoast_head":"<!-- This site is optimized with the Yoast SEO plugin v22.8 - https:\/\/yoast.com\/wordpress\/plugins\/seo\/ -->\n<title>Agenda \/ Inscription Sorties 2026 - IMRG Valence Rider Spirit<\/title>\n<meta name=\"robots\" content=\"index, follow, max-snippet:-1, max-image-preview:large, max-video-preview:-1\" \/>\n<link rel=\"canonical\" href=\"https:\/\/valenceriderspirit.fr\/index.php\/agenda\/\" \/>\n<meta property=\"og:locale\" content=\"fr_FR\" \/>\n<meta property=\"og:type\" content=\"article\" \/>\n<meta property=\"og:title\" content=\"Agenda \/ Inscription Sorties 2026 - IMRG Valence Rider Spirit\" \/>\n<meta property=\"og:description\" content=\"Le VRS vous pr\u00e9sente le calendrier 2026 sous forme du 1er et 2\u00e8me semestre 2026. Vous pouvez t\u00e9l\u00e9charger le calendrier complet au format pdf en cliquant ici.\" \/>\n<meta property=\"og:url\" content=\"https:\/\/valenceriderspirit.fr\/index.php\/agenda\/\" \/>\n<meta property=\"og:site_name\" content=\"IMRG Valence Rider Spirit\" \/>\n<meta property=\"article:publisher\" content=\"https:\/\/www.instagram.com\/imrgvalenceriderspirit\/\" \/>\n<meta property=\"article:modified_time\" content=\"2026-01-23T08:57:21+00:00\" \/>\n<meta property=\"og:image\" content=\"https:\/\/valenceriderspirit.fr\/wp-content\/uploads\/2026\/01\/Calendrier-VRS-1er-semestre-2026-rev-1024x659.jpg\" \/>\n<meta name=\"twitter:card\" content=\"summary_large_image\" \/>\n<meta name=\"twitter:label1\" content=\"Dur\u00e9e de lecture estim\u00e9e\" \/>\n\t<meta name=\"twitter:data1\" content=\"1 minute\" \/>\n<script type=\"application\/ld+json\" class=\"yoast-schema-graph\">{\"@context\":\"https:\/\/schema.org\",\"@graph\":[{\"@type\":\"WebPage\",\"@id\":\"https:\/\/valenceriderspirit.fr\/index.php\/agenda\/\",\"url\":\"https:\/\/valenceriderspirit.fr\/index.php\/agenda\/\",\"name\":\"Agenda \/ Inscription Sorties 2026 - IMRG Valence Rider Spirit\",\"isPartOf\":{\"@id\":\"https:\/\/valenceriderspirit.fr\/#website\"},\"primaryImageOfPage\":{\"@id\":\"https:\/\/valenceriderspirit.fr\/index.php\/agenda\/#primaryimage\"},\"image\":{\"@id\":\"https:\/\/valenceriderspirit.fr\/index.php\/agenda\/#primaryimage\"},\"thumbnailUrl\":\"https:\/\/valenceriderspirit.fr\/wp-content\/uploads\/2026\/01\/Calendrier-VRS-1er-semestre-2026-rev-1024x659.jpg\",\"datePublished\":\"2024-05-26T15:39:08+00:00\",\"dateModified\":\"2026-01-23T08:57:21+00:00\",\"breadcrumb\":{\"@id\":\"https:\/\/valenceriderspirit.fr\/index.php\/agenda\/#breadcrumb\"},\"inLanguage\":\"fr-FR\",\"potentialAction\":[{\"@type\":\"ReadAction\",\"target\":[\"https:\/\/valenceriderspirit.fr\/index.php\/agenda\/\"]}]},{\"@type\":\"ImageObject\",\"inLanguage\":\"fr-FR\",\"@id\":\"https:\/\/valenceriderspirit.fr\/index.php\/agenda\/#primaryimage\",\"url\":\"https:\/\/valenceriderspirit.fr\/wp-content\/uploads\/2026\/01\/Calendrier-VRS-1er-semestre-2026-rev.jpg\",\"contentUrl\":\"https:\/\/valenceriderspirit.fr\/wp-content\/uploads\/2026\/01\/Calendrier-VRS-1er-semestre-2026-rev.jpg\",\"width\":1038,\"height\":668},{\"@type\":\"BreadcrumbList\",\"@id\":\"https:\/\/valenceriderspirit.fr\/index.php\/agenda\/#breadcrumb\",\"itemListElement\":[{\"@type\":\"ListItem\",\"position\":1,\"name\":\"Accueil\",\"item\":\"https:\/\/valenceriderspirit.fr\/\"},{\"@type\":\"ListItem\",\"position\":2,\"name\":\"Agenda \/ Inscription Sorties 2026\"}]},{\"@type\":\"WebSite\",\"@id\":\"https:\/\/valenceriderspirit.fr\/#website\",\"url\":\"https:\/\/valenceriderspirit.fr\/\",\"name\":\"IMRG VRS\",\"description\":\"IMRG VRS Est. 2020. Partageons ensemble une passion Made In USA\",\"publisher\":{\"@id\":\"https:\/\/valenceriderspirit.fr\/#organization\"},\"potentialAction\":[{\"@type\":\"SearchAction\",\"target\":{\"@type\":\"EntryPoint\",\"urlTemplate\":\"https:\/\/valenceriderspirit.fr\/?s={search_term_string}\"},\"query-input\":\"required name=search_term_string\"}],\"inLanguage\":\"fr-FR\"},{\"@type\":\"Organization\",\"@id\":\"https:\/\/valenceriderspirit.fr\/#organization\",\"name\":\"IMRG Valence Rider Spirit\",\"url\":\"https:\/\/valenceriderspirit.fr\/\",\"logo\":{\"@type\":\"ImageObject\",\"inLanguage\":\"fr-FR\",\"@id\":\"https:\/\/valenceriderspirit.fr\/#\/schema\/logo\/image\/\",\"url\":\"https:\/\/valenceriderspirit.fr\/wp-content\/uploads\/2025\/10\/cropped-LogoVercorsV3TresGrandeDimensionHR-removebg-preview.png\",\"contentUrl\":\"https:\/\/valenceriderspirit.fr\/wp-content\/uploads\/2025\/10\/cropped-LogoVercorsV3TresGrandeDimensionHR-removebg-preview.png\",\"width\":728,\"height\":329,\"caption\":\"IMRG Valence Rider Spirit\"},\"image\":{\"@id\":\"https:\/\/valenceriderspirit.fr\/#\/schema\/logo\/image\/\"},\"sameAs\":[\"https:\/\/www.instagram.com\/imrgvalenceriderspirit\/\",\"https:\/\/www.youtube.com\/@IMRG_VRS_Media\"]}]}<\/script>\n<!-- \/ Yoast SEO plugin. -->","yoast_head_json":{"title":"Agenda \/ Inscription Sorties 2026 - IMRG Valence Rider Spirit","robots":{"index":"index","follow":"follow","max-snippet":"max-snippet:-1","max-image-preview":"max-image-preview:large","max-video-preview":"max-video-preview:-1"},"canonical":"https:\/\/valenceriderspirit.fr\/index.php\/agenda\/","og_locale":"fr_FR","og_type":"article","og_title":"Agenda \/ Inscription Sorties 2026 - IMRG Valence Rider Spirit","og_description":"Le VRS vous pr\u00e9sente le calendrier 2026 sous forme du 1er et 2\u00e8me semestre 2026. Vous pouvez t\u00e9l\u00e9charger le calendrier complet au format pdf en cliquant ici.","og_url":"https:\/\/valenceriderspirit.fr\/index.php\/agenda\/","og_site_name":"IMRG Valence Rider Spirit","article_publisher":"https:\/\/www.instagram.com\/imrgvalenceriderspirit\/","article_modified_time":"2026-01-23T08:57:21+00:00","og_image":[{"url":"https:\/\/valenceriderspirit.fr\/wp-content\/uploads\/2026\/01\/Calendrier-VRS-1er-semestre-2026-rev-1024x659.jpg"}],"twitter_card":"summary_large_image","twitter_misc":{"Dur\u00e9e de lecture estim\u00e9e":"1 minute"},"schema":{"@context":"https:\/\/schema.org","@graph":[{"@type":"WebPage","@id":"https:\/\/valenceriderspirit.fr\/index.php\/agenda\/","url":"https:\/\/valenceriderspirit.fr\/index.php\/agenda\/","name":"Agenda \/ Inscription Sorties 2026 - IMRG Valence Rider Spirit","isPartOf":{"@id":"https:\/\/valenceriderspirit.fr\/#website"},"primaryImageOfPage":{"@id":"https:\/\/valenceriderspirit.fr\/index.php\/agenda\/#primaryimage"},"image":{"@id":"https:\/\/valenceriderspirit.fr\/index.php\/agenda\/#primaryimage"},"thumbnailUrl":"https:\/\/valenceriderspirit.fr\/wp-content\/uploads\/2026\/01\/Calendrier-VRS-1er-semestre-2026-rev-1024x659.jpg","datePublished":"2024-05-26T15:39:08+00:00","dateModified":"2026-01-23T08:57:21+00:00","breadcrumb":{"@id":"https:\/\/valenceriderspirit.fr\/index.php\/agenda\/#breadcrumb"},"inLanguage":"fr-FR","potentialAction":[{"@type":"ReadAction","target":["https:\/\/valenceriderspirit.fr\/index.php\/agenda\/"]}]},{"@type":"ImageObject","inLanguage":"fr-FR","@id":"https:\/\/valenceriderspirit.fr\/index.php\/agenda\/#primaryimage","url":"https:\/\/valenceriderspirit.fr\/wp-content\/uploads\/2026\/01\/Calendrier-VRS-1er-semestre-2026-rev.jpg","contentUrl":"https:\/\/valenceriderspirit.fr\/wp-content\/uploads\/2026\/01\/Calendrier-VRS-1er-semestre-2026-rev.jpg","width":1038,"height":668},{"@type":"BreadcrumbList","@id":"https:\/\/valenceriderspirit.fr\/index.php\/agenda\/#breadcrumb","itemListElement":[{"@type":"ListItem","position":1,"name":"Accueil","item":"https:\/\/valenceriderspirit.fr\/"},{"@type":"ListItem","position":2,"name":"Agenda \/ Inscription Sorties 2026"}]},{"@type":"WebSite","@id":"https:\/\/valenceriderspirit.fr\/#website","url":"https:\/\/valenceriderspirit.fr\/","name":"IMRG VRS","description":"IMRG VRS Est. 2020. Partageons ensemble une passion Made In USA","publisher":{"@id":"https:\/\/valenceriderspirit.fr\/#organization"},"potentialAction":[{"@type":"SearchAction","target":{"@type":"EntryPoint","urlTemplate":"https:\/\/valenceriderspirit.fr\/?s={search_term_string}"},"query-input":"required name=search_term_string"}],"inLanguage":"fr-FR"},{"@type":"Organization","@id":"https:\/\/valenceriderspirit.fr\/#organization","name":"IMRG Valence Rider Spirit","url":"https:\/\/valenceriderspirit.fr\/","logo":{"@type":"ImageObject","inLanguage":"fr-FR","@id":"https:\/\/valenceriderspirit.fr\/#\/schema\/logo\/image\/","url":"https:\/\/valenceriderspirit.fr\/wp-content\/uploads\/2025\/10\/cropped-LogoVercorsV3TresGrandeDimensionHR-removebg-preview.png","contentUrl":"https:\/\/valenceriderspirit.fr\/wp-content\/uploads\/2025\/10\/cropped-LogoVercorsV3TresGrandeDimensionHR-removebg-preview.png","width":728,"height":329,"caption":"IMRG Valence Rider Spirit"},"image":{"@id":"https:\/\/valenceriderspirit.fr\/#\/schema\/logo\/image\/"},"sameAs":["https:\/\/www.instagram.com\/imrgvalenceriderspirit\/","https:\/\/www.youtube.com\/@IMRG_VRS_Media"]}]}},"_links":{"self":[{"href":"https:\/\/valenceriderspirit.fr\/index.php\/wp-json\/wp\/v2\/pages\/142","targetHints":{"allow":["GET"]}}],"collection":[{"href":"https:\/\/valenceriderspirit.fr\/index.php\/wp-json\/wp\/v2\/pages"}],"about":[{"href":"https:\/\/valenceriderspirit.fr\/index.php\/wp-json\/wp\/v2\/types\/page"}],"author":[{"embeddable":true,"href":"https:\/\/valenceriderspirit.fr\/index.php\/wp-json\/wp\/v2\/users\/1"}],"replies":[{"embeddable":true,"href":"https:\/\/valenceriderspirit.fr\/index.php\/wp-json\/wp\/v2\/comments?post=142"}],"version-history":[{"count":29,"href":"https:\/\/valenceriderspirit.fr\/index.php\/wp-json\/wp\/v2\/pages\/142\/revisions"}],"predecessor-version":[{"id":922,"href":"https:\/\/valenceriderspirit.fr\/index.php\/wp-json\/wp\/v2\/pages\/142\/revisions\/922"}],"wp:attachment":[{"href":"https:\/\/valenceriderspirit.fr\/index.php\/wp-json\/wp\/v2\/media?parent=142"}],"curies":[{"name":"wp","href":"https:\/\/api.w.org\/{rel}","templated":true}]}}